-4*q + n = -2*f, -4*f = -q + 22 + 191. What are the prime factors of q?
193
Let a = 375 + 233. What are the prime factors of a?
2, 19
Suppose -118 = -2*o - 3*o + 4*l, 63 = 3*o - 5*l. Let y = -2 + o. What are the prime factors of y?
2, 3
Suppose 2*h + n + n = 1252, 5*n = h - 656. List the prime factors of h.
631
Suppose 0 = -3*i + 2*i - 70. Let t be 32/14 - (-20)/i. What are the prime factors of -3 + (29 - (t - 1))?
5
Let t be (5 - 18/6)/((-2)/18). List the prime factors of (120/t)/(-2 - 70/(-36)).
2, 3, 5
Let s(o) = -o**2 - o + 6. Let z be 23/(-8) + (-1)/8. Let v be s(z). Suppose 4*t + 3*y - 154 = v, -110 = -6*t + 3*t - 5*y. What are the prime factors of t?
2, 5
List the prime factors of 226803/399 - ((-11)/7 + 2).
2, 71
Suppose 0 = -2*m - 3*q + 12, 4*q = -0*q + 8. Suppose 9 = 3*f + m. What are the prime factors of f?
2
Let g(q) = -950*q + 77. List the prime factors of g(-1).
13, 79
Let a = -64 + 91. Let z = 30 - a. Let o(d) = 10*d - 1. What are the prime factors of o(z)?
29
Let n(x) be the second derivative of x**5/20 + 5*x**4/6 + 2*x**3/3 + 7*x**2/2 + 2*x. Let z(g) = 3*g + 45. Let q be z(-18). What are the prime factors of n(q)?
2, 13
Suppose 0 = 3*h - 7*h - 3*o + 732, -3*h - 4*o + 556 = 0. What are the prime factors of h?
2, 3, 5
Let f(x) = x**2 + x + 17. Let m be f(19). Suppose 115 + m = 4*w. List the prime factors of w.
2
Let n = -37 + 16. List the prime factors of (-7)/n*(-3 - -9).
2
Let u = 8 + 2. Let r = u - 9. What are the prime factors of (-520)/(-16) + r/(-2)?
2
Let m = 69 - 65. List the prime factors of (-2)/(m*2/(-636)).
3, 53
Let u be 12/4 - (1 + 0). Suppose 2*q - q = 3*v + 59, 58 = q - u*v. What are the prime factors of q?
2, 7
Let b(s) be the second derivative of s**5/60 - s**4/12 + s**3/2 - 3*s**2/2 + s. Let r(a) be the first derivative of b(a). List the prime factors of r(6).
3
Let w(l) = l. Let b(g) = 2*g - 5. Let o(i) = b(i) + 4*w(i). Let y be o(-4). Let r = -10 - y. What are the prime factors of r?
19
Let o(z) = -33*z**3 - 12*z**2 - 18*z + 9. What are the prime factors of o(-5)?
2, 3, 109
Suppose 32*q = 97*q - 114270. List the prime factors of q.
2, 3, 293
What are the prime factors of ((-3)/2)/(-1) + 7246/4?
7, 37
Let f(b) = -14 - b**2 + 22*b - 7*b + 0*b**2. List the prime factors of f(9).
2, 5
Let o(w) = 156*w + 714. What are the prime factors of o(30)?
2, 3, 29, 31
Let v(l) = -l**2 - 4*l + 7. Let d be v(8). Let s = -77 - d. What are the prime factors of s?
2, 3
Suppose -7*v - 13 = -55. Suppose v + 57 = 3*i. What are the prime factors of i?
3, 7
Let h be (-8)/(-36) - 32/(-18). Suppose -f - 3 = 3*n - 4*f, 2*f = 5*n + h. Suppose 3*v + 2*v - 305 = n. What are the prime factors of v?
61
Let y(x) = -x**2 + 11*x + 211. List the prime factors of y(15).
151
Suppose 5*t = 5*h - 2*h + 422, -2*h + 87 = t. Suppose -g = -u - 17, -5*g + t = -3*u - 0*u. What are the prime factors of g?
17
Let i(k) = 1143*k**2 + 14*k - 42. List the prime factors of i(2).
2, 43, 53
Let m be (-536)/32 - (-1)/(-4). Let j = 170 + m. List the prime factors of j.
3, 17
Let u(s) = 57*s**3 - s**2 - 4*s + 3. What are the prime factors of u(2)?
3, 149
Suppose 49*a - 48*a = 72. Suppose 16*j - 15*j = a. What are the prime factors of j?
2, 3
Let c(t) = 93*t**2 + 3. Let x be c(-3). Suppose 27*d - 23*d = x. Suppose 2*v = -4*r + 136, -v = -4*v - 4*r + d. List the prime factors of v.
2, 37
Suppose -4*c + 17 = -4*k + 5, 5*c = -3*k + 31. Suppose 6*h - 14 = c*h. List the prime factors of h.
2, 7
Let j(q) = -9*q + 1. Suppose -2*t + 6 = -d - 3, -3*d = -5*t + 23. Let b be j(d). What are the prime factors of 84/105 - (-612)/b?
2, 31
Let q(v) = -v**3 + 5*v**2 - 4*v + 1. Let y be q(4). What are the prime factors of ((-10)/4 + y)/(39/(-4056))?
2, 3, 13
Suppose -10*d + 8*d = 0. Suppose d*k = -5*k + 400. What are the prime factors of k?
2, 5
Let s = 2147 + -1487. List the prime factors of s.
2, 3, 5, 11
Let l(c) = 8*c**2 + 3*c - 2. Suppose 4*h - 11 = 9. Suppose 4*b - 3*b - 1 = 3*u, -u = b - h. List the prime factors of l(u).
3
Suppose 0 = 2*p + 5*g - 15, 2*p = 6*p + 2*g + 10. Let h = p - -61. Suppose -112 = -4*k - n, 0*n + n - h = -2*k. What are the prime factors of k?
2, 7
Let y(w) = w**2 - 7*w - 4. Let c be y(21). Let x = -206 + c. Suppose -4*n + 5*u = u - 92, x = 3*n + 2*u. What are the prime factors of n?
2, 13
Let c(p) = -34*p**3 + 9*p + 19. What are the prime factors of c(-4)?
17, 127
Let m(l) = -2*l**3 + l**2 + l - 4. Let v(z) = -z**3 + z - 2. Let a(w) = -3*m(w) + 5*v(w). Let n be a(5). Let h = n + -24. List the prime factors of h.
2, 19
List the prime factors of 4460/30*(2 + 3/(-6)).
223
Suppose 18*c - 3655 = 6155. What are the prime factors of c?
5, 109
Let k = 1995 - -2889. List the prime factors of k.
2, 3, 11, 37
Suppose -10 = 2*l, -l - 54 + 17 = 4*b. Let n(f) = -f**2 - 11*f - 20. What are the prime factors of n(b)?
2
Let d(s) = s**2 - 33*s - 20. Let b be d(-19). Suppose 7*u = -u + b. What are the prime factors of u?
11
Let w = -1 + 4. Suppose 119 = 4*d - w*m, -d + 4*m - 3*m + 29 = 0. Let g = -20 + d. List the prime factors of g.
2, 3
Let z(l) = 45*l**2 - 27*l + 38. List the prime factors of z(5).
2, 257
Let f(l) = 5*l - 165. What are the prime factors of f(37)?
2, 5
Let a(z) = 6*z + 16. Let q(s) = -5*s - 15. Let c(f) = -4*a(f) - 5*q(f). Suppose -15 = 2*v + 1. List the prime factors of c(v).
3
Let a(l) = -47*l - 90. List the prime factors of a(-52).
2, 11, 107
Let k = -23 + 22. Let p(o) = 21*o**2 - o. List the prime factors of p(k).
2, 11
Suppose 0 = -5*x - 25, -6*j - 5*x + 95 = -4*j. Suppose -j = -3*n + 5*i, n = -4*i + 2*i + 20. List the prime factors of n.
2, 5
What are the prime factors of (-4)/(-6) + -4 + 124240/30?
2, 2069
Suppose -3*n + n = 0. Let s(d) = -3*d**3 - d**2 + d + 25. Let z(y) = 10*y**3 + 3*y**2 - 3*y - 76. Let u(j) = 7*s(j) + 2*z(j). List the prime factors of u(n).
23
Let r = 976 + -520. What are the prime factors of r?
2, 3, 19
Let q(x) = x + 14. Let d be q(-11). Suppose -4*b + 301 = d*b. List the prime factors of b.
43
Let f be (2 - -2) + -3 + 3. Suppose f*c = -21 - 3. List the prime factors of 3/c - 34/(-4).
2
Let k(t) = 6*t - 4*t - 5*t + 59*t**2 + 1. What are the prime factors of k(1)?
3, 19
Let y be (4 - 8) + 14/2. Suppose 5*l = -2*t + 357, -y*l + 221 = -3*t + 11. What are the prime factors of l?
71
Let y(p) = p**2 - 4*p + 6. Let o be y(3). What are the prime factors of (10/o)/((-20)/(-240))?
2, 5
Let b = 43 + -28. Suppose 0*m = 3*m - b. List the prime factors of (52/(-10))/((-1)/m).
2, 13
Suppose 321 = 4*d - 371. List the prime factors of (-1 + (4 - 2))*d.
173
Suppose -82 = -3*m - 2*u, -30 = -4*m + u + 83. Let o = m + 7. List the prime factors of o.
5, 7
Let c = 1068 + -878. What are the prime factors of c?
2, 5, 19
Let x(n) = -2*n + 1. Let f be x(-1). Suppose -2*u + 4*u - 21 = -f*h, -4*u + 50 = -2*h. List the prime factors of u.
2, 3
Suppose -31 = -4*b + o, -3*o + 6 = -3*b + 2*b. Suppose -b*u = -6*u - 12. Suppose 0*i - 54 = -u*z - 2*i, z + 3*i - 26 = 0. What are the prime factors of z?
11
Let r = -3 + 2. Let g(u) = 2*u - 1. Let t(n) = -14*n + 9. Let c(p) = -18*g(p) - 2*t(p). What are the prime factors of c(r)?
2
Let b(z) = -5*z**2 + 10 + z**2 + 15*z + 3*z**2. Suppose 0 = -16*g + 14*g + 4*c + 12, -3*g - 2*c = -50. What are the prime factors of b(g)?
2, 3
Let d be 4/(-6) + 679/(-21). Suppose -r + 126 = r. Let k = d + r. What are the prime factors of k?
2, 3, 5
Suppose -11*c = -42*c + 9393. List the prime factors of c.
3, 101
Let x = 2104 + -1274. Suppose -3*d - 2*d + x = -5*z, -5*d - 4*z = -875. What are the prime factors of d?
3, 19
Let d(x) = 18*x**2 + 2. Let k be d(3). Let y = -80 + k. What are the prime factors of (y/(-9))/((-2)/3)?
2, 7
Let y(v) = 127*v**2 - 2*v + 1. Let t be y(1). Suppose -3*f = -0*f - t. List the prime factors of f/(-28) + 202/4.
7
Let w(b) = -5*b + 1. Let u(h) = 2*h + 11. Let a(g) = 2*g**3 + 2*g**2 - g. Let m be a(-2). Let x be u(m). What are the prime factors of w(x)?
2, 3
Suppose 2*z + 1171 = 5*p, 39*z = 4*p + 35*z - 944. List the prime factors of p.
233
List the prime factors of 0 + 378/7*7.
2, 3, 7
List the prime factors of (4/6)/(-10 - 119436/(-11943)).
1327
What are the prime factors of (42/4)/((-12)/(-1760))?
2, 5, 7, 11
Let s = -158 + 347. Suppose -6*i + 243 = -s. What are the prime factors of i?
2, 3
Suppose 